. Let z be t/2 + 65 + -21. Calculate the greatest common factor of z and 63.
21
Let t = 16 + -13. Suppose -40 = -t*w - w. Suppose -w*q - 35 = -11*q. What is the highest common divisor of 14 and q?
7
Let w be (-204)/9*3/(-2). What is the greatest common divisor of w and 306?
34
Let o(d) = d**3 + 7*d**2 - d + 4. Let w be o(-7). Let j = 77 - -44. Calculate the greatest common factor of w and j.
11
Let w(x) = -2*x**2 - 18*x - 24. Let v be w(-4). What is the highest common factor of v and 304?
16
Let k = -72 + 107. Let j be k/(-80)*4*96/(-2). What is the highest common divisor of 12 and j?
12
Let t = -444 + 480. Let h = 665 + -377. Calculate the highest common factor of h and t.
36
Let y(j) = 4*j**3 + 4*j**2 - 4*j + 1. Let n be y(3). Suppose 4*c - g = 79, 0*g - 92 = -5*c - g. What is the greatest common factor of c and n?
19
Let s be 32/3 - 6/9. What is the greatest common factor of 90 and s?
10
Let k(q) = -7*q - 12. Let v be k(-3). Suppose -69 = -3*t - 3*r, 5*r + 106 = 5*t - v. Calculate the highest common divisor of 23 and t.
23
Let s = 2130 + -1987. What is the highest common divisor of 403 and s?
13
Let d(l) = 2*l**2 + 2*l - 28. Let a be d(6). Let v = a - 25. What is the highest common factor of 310 and v?
31
Suppose k = -3*d + 20 + 4, -2*k + 48 = -2*d. Let w = -1629 - -1653. What is the highest common factor of k and w?
24
Suppose -3*l + 1308 = 9*l. Suppose 0 = 4*m - 3*m - 2*y - l, 363 = 3*m + 3*y. Calculate the highest common factor of m and 13.
13
Let u = -12 - -24. Let a(n) = 73*n**2 + 4*n - 1. Let g be a(3). Suppose 128 - g = -5*f. Calculate the highest common divisor of u and f.
12
Suppose -763 - 1157 = -48*t. Calculate the greatest common divisor of 640 and t.
40
Let o(x) = -4*x**2 - 109*x - 22. Let i be o(-27). Calculate the greatest common divisor of 265 and i.
5
Let s be (73 - 55)/(3/2 + 0). What is the highest common divisor of s and 492?
12
Let x(d) = 2*d + 3. Let t be x(-5). Let z = 56 + t. What is the greatest common divisor of z and 14?
7
Let x = -442 + 798. Calculate the highest common factor of 89 and x.
89
Let m = -74 + 72. Let a be 3/((-1)/65*2/m). What is the greatest common divisor of a and 39?
39
Suppose q - 87 = -5*r, q - 515 = -4*q - 5*r. Let c = q + -44. What is the greatest common factor of 7 and c?
7
Let p(f) be the third derivative of -f**6/120 - f**5/30 + f**4/4 - 2*f**3/3 + 4*f**2. Let x be p(-6). Calculate the highest common divisor of 13 and x.
13
Let a(l) = -10*l - 7. Let j be a(-15). Calculate the highest common divisor of 52 and j.
13
Suppose 16*m + 12 = 10*m. Let h be (0 + (-26 - m))*42/(-24). What is the highest common divisor of 14 and h?
14
Let h = -1 - -16. What is the highest common factor of 12 and h?
3
Let b(p) = -4*p + 26. Let y be b(5). Let v be (155/(-10) + -2)/((-3)/y). What is the greatest common divisor of v and 35?
35
Let u be ((-9)/6)/(1/(-2)). Suppose u*c + 2*c = -450. Let b be 2/(-9) - 5690/c. Calculate the greatest common divisor of b and 21.
21
Suppose 0 = -22*l + 440 - 88. Calculate the greatest common divisor of l and 220.
4
Let u be ((-22)/(-4))/(2/4). Let t = 474 + -409. Let y = t - u. What is the greatest common factor of 81 and y?
27
Let h = 14 + -26. Let x = 15 + h. Suppose 3*w = -2*u + 21, x*w - 22 = -2*w + u. What is the greatest common divisor of w and 15?
5
Let b(k) = -k**2 - 14*k - 8. Let i be b(-8). Calculate the highest common divisor of 60 and i.
20
Let f(u) = 4*u. Let s be f(10). Let p be (-6)/(-1 + 35/s). Calculate the greatest common factor of 6 and p.
6
Let h(a) = -7*a**2 + 216*a + 36. Let l be h(29). Calculate the highest common factor of l and 118.
59
Let i(j) = 4*j + 31. Let o be i(-7). Suppose -2*t + 4*n + 12 = -o*t, 5*n - 15 = -5*t. Calculate the highest common divisor of 64 and t.
8
Let l be (-6 - -11)/(55/88). What is the highest common factor of 356 and l?
4
Let k be (8/(-3))/(8/(-12)). Suppose -4*c + 5*r + 527 = 0, 55 + 82 = c + k*r. Let n be -17*(0 - 1) + (3 - 1). Calculate the greatest common factor of c and n.
19
Suppose 60*l - 5*c - 149 = 58*l, 199 = 2*l + 5*c. What is the highest common divisor of 319 and l?
29
Let i be (-2)/(-6) - 96/(-9). Let d(s) = -2 - s + 3*s**2 + 2*s**2 - 3*s**2 + 3. Let y be d(-3). Calculate the greatest common divisor of i and y.
11
Suppose 3371 = 28*g + 1411. What is the greatest common factor of 1085 and g?
35
Let m(n) = -n**2 - 9*n - 16. Let d be m(-6). Suppose t = -2*y + 155, -y + 228 = d*y - 3*t. Calculate the greatest common divisor of y and 22.
11
Let g be (2 + 1 + 9)*1. Let w be ((-3)/(g/16))/1. Let x be (w/2 - 1) + 63. What is the greatest common factor of x and 6?
6
Let y(a) = -a**3 + 8*a**3 - a**2 - 3*a**3 + 6 - 5. Let c be y(1). Calculate the highest common divisor of 24 and c.
4
Suppose -3*n = 8*n - 44. Suppose 2*j + 6 = z, n*z + 5*j + 4 = z. Calculate the greatest common factor of 14 and z.
2
Suppose -5*c + 3*q + 37 = 0, 4 - 1 = 3*q. Suppose 0 = 4*n + i + 3*i - 492, -3*n - 5*i = -359. Suppose -n = -l - l. What is the highest common factor of c and l?
8
Let n be -6*9/12*(-14)/21. Suppose 4 = -5*f - 1, -2*a = n*f - 63. Calculate the highest common factor of 11 and a.
11
Let p(q) = q**3 - 11*q**2 + 3*q + 5. Suppose 3*z - 7*z = -44. Let b be p(z). Let l = 128 - 33. Calculate the greatest common factor of b and l.
19
Suppose 2*c + 810 = 20*c. What is the greatest common factor of c and 345?
15
Let o be 164/8 + 4/(-8). Calculate the highest common divisor of o and 25.
5
Let r be (1/(-3))/(1/(-15)). Suppose -k - 7 = -q, r*k - 27 + 2 = -q. Calculate the greatest common factor of 4 and q.
2
Let p(z) = 2*z**2 + 29*z - 115. Let q be p(5). What is the highest common factor of 88 and q?
8
Let f = 116 + -41. Let v = f - 30. Suppose -2*i + 3 = u - 11, -2*u + 44 = -4*i. What is the highest common factor of u and v?
9
Let q = -6 - 4. Let p = q - -22. Calculate the greatest common factor of 8 and p.
4
Suppose -4*h + o = -244, 101 = 4*h + o - 135. Let w = 75 - h. What is the highest common divisor of w and 105?
15
Let r(l) = -l**3 + 22*l**2 - 49*l + 38. Let s be r(19). What is the highest common divisor of s and 30?
10
Suppose 2*p = h - 4, -h = 4*h - 4*p - 14. Let s(w) = 2*w + 11. Let v be s(-10). Let z be (-2)/v + 142/9. Calculate the highest common divisor of h and z.
2
Let t be (-3260)/(-1141)*14/4. What is the highest common factor of 270 and t?
10
Let b(d) = -18*d + 2. Let q(v) = 18*v - 2. Let o(u) = -5*b(u) - 4*q(u). Let i be o(4). Let p = -34 + 62. Calculate the greatest common divisor of p and i.
14
Suppose 0 = -3*h - h + 120. Let x = 6636 + -6591. Calculate the highest common factor of x and h.
15
Let w(u) = 12*u + 260. Let k be w(-14). What is the highest common factor of 506 and k?
46
Suppose -3*s = 5*s + 8. Let j be s/3 - 362/(-6). Calculate the greatest common divisor of 24 and j.
12
Suppose 0 = -v - 0*v + 4, -4*v = 3*h - 1693. Calculate the highest common factor of h and 43.
43
Let m = 1157 - 1013. What is the greatest common factor of 36 and m?
36
Let m be ((-48)/18)/(((-15)/54)/5). Calculate the highest common divisor of 240 and m.
48
Let y = -12852 + 12860. Let v be (8/(-2))/(2/22). Let h = 64 + v. Calculate the greatest common factor of y and h.
4
Let l be (-68)/18 + 8/(-36). Let p be (l + 4)/(3 + -1). Suppose -4*c + p*c = -40. What is the greatest common factor of 50 and c?
10
Let p be 257/5 + -2 + (-123)/(-205). Calculate the greatest common divisor of p and 10.
10
Suppose 0 = -3*x + 5 + 1. Suppose -x*k - 29 = -93. Calculate the greatest common divisor of k and 288.
32
Let b = -34 - -34. Suppose -2*m + 132 = 3*v, m + 4*v - 50 - 21 = b. Calculate the highest common divisor of 9 and m.
9
Suppose 7*c = 503 + 2731. Suppose c = -5*l + 16*l. Calculate the greatest common factor of 14 and l.
14
Let r(d) = -9 + d**2 + 10 - 2*d**2 + 2*d**2. Let t be r(-1). Suppose -2*m = 4*j - 34, -20 = -t*j - 4*m - 0*m. What is the highest common factor of j and 2?
2
Let w be ((-1)/4*10)/(4/(-176)). Calculate the greatest common divisor of 22 and w.
22
Suppose -5*c + 5 = -2*t - 11, 5*t + 10 = 5*c. Suppose 19 = t*o - 5. Let w(s) = -4*s + 6. Let j be w(-6). What is the greatest common divisor of j and o?
6
Suppose 27*z = 30*z - 1485. What is the highest common divisor of 55 and z?
55
Let z = 121 - 72. What is the greatest common factor of z